*g. What is t(5)?
-25
Let c(j) = j**3 + 11*j**2 + 12*j + 4. Let p be 76/(-2 - 0)*14/(-4). Suppose -p = 3*r + 56. Let g be (-176)/18 + 14/r. Calculate c(g).
-16
Let a(v) = -11*v + 40. Let w be (-11 + (2 - -10))*5. What is a(w)?
-15
Suppose -5*c + 0*c = -5*o - 40, -2*o - 21 - 3 = 0. Let n(m) = -3*m**2 + 19*m + 10. Let l(r) = 4*r**2 - 28*r - 15. Let p(s) = -5*l(s) - 7*n(s). Calculate p(c).
-7
Let d be ((-9 - -12) + -12)*(-2)/6. Let w(g) = 1 - 8 + 1943*g + d*g**2 - 1952*g - 4*g**2. Give w(-9).
-7
Let m(o) = 995*o + 14915. Let s be m(-15). Let w(f) = f**3 + 8*f**2 - 8*f - 15. Give w(s).
-135
Let f = 38 - 18. Suppose -f = 4*x + 4. Let d(y) = 2*y - 5*y**2 + 5*y + 0*y - 1 - y**3. Determine d(x).
-7
Let w(s) = -31*s**3 - 5*s**2 - 17*s - 105. Let i(y) = -36*y**3 - 4*y**2 - 16*y - 101. Let p(o) = -6*i(o) + 7*w(o). What is p(-10)?
1
Let j(t) = t + 3. Let d be j(-5). Let w(v) = -2180 + 2*v**2 + 2182 - 10*v**3 + v**2 + 9*v**3 + 3*v. Give w(d).
16
Let p(h) be the first derivative of -h**3/3 - 13*h**2/2 - 34*h - 1606. What is p(-9)?
2
Let g(f) = 164*f + 97. Let x be g(-4). Let q = -547 - x. Let d(z) = -z**3 + 11*z**2 + 13*z - 9. What is d(q)?
3
Let j be -4 + 10 + 0 + -1. Suppose 0 = -j*y + 11 + 4. Let a(b) be the first derivative of b**2 - 3*b - 3. What is a(y)?
3
Let b = -146 - -149. Let j(v) be the second derivative of v**4/6 - v**3/6 - 3*v. Calculate j(b).
15
Suppose 63 = -2*b + 183. Let z = 64 - b. Let o(h) = -z - h + 4 + 4. Give o(6).
-2
Let l(k) = -k**2 + 7*k - 8. Let g be (-3570)/(-20) + 1/(-2) + -4. Let n = g - 168. What is l(n)?
-2
Let y(p) = -14*p**3 + 25*p**2 + 9*p + 92. Let n(v) = -5*v**3 + 9*v**2 + 3*v + 29. Let l(b) = -11*n(b) + 4*y(b). Calculate l(0).
49
Let r(v) be the third derivative of v**5/20 - 5*v**4/6 - 7*v**3/6 + 437*v**2 + 3*v - 1. Determine r(8).
25
Let g = 25148 + -25154. Let t(a) = -a**3 - 6*a**2 + 8*a + 59. What is t(g)?
11
Let m(j) be the second derivative of -1/20*j**5 - 31*j + j**3 - 5/12*j**4 - 2 + 0*j**2. Let v = 4 - 10. Calculate m(v).
0
Let n(j) be the first derivative of -22 - 2/3*j**3 + 7*j + 0*j**2. Calculate n(0).
7
Let y(n) = n**2 - 4*n - 3. Let m be y(5). Let c(a) = -29*a**2 + 10*a**2 + 12*a**m - 1 + 19*a**2 - a. Determine c(-1).
12
Suppose 0 = 5*q + 15, 0*m - q + 2 = m. Suppose 8*j + 2*j = -10. Let s(y) = -y - 6. Let w(a) = 1. Let d(r) = j*s(r) - 6*w(r). Calculate d(m).
5
Let s(j) = 3*j**3 + 15*j**2 + 27*j + 30. Let p(k) = -k**3 + k**2 - 1. Let w(o) = 2*p(o) + s(o). Give w(-15).
73
Let c = -95 - -106. Let z(g) = -1972*g + 1985*g + 3*g**2 - g**3 + 3*g**2 - c. Give z(8).
-35
Let z(b) = 11776*b - 23556*b + 11772*b - b**2 + 28. Determine z(3).
-5
Let m(j) = 4*j - 3*j + 8*j**3 + 0*j**3 - 4*j**3. Let c(z) = -z**2 + 2 - 2 - 3 + 4*z + 1. Let g be c(1). Calculate m(g).
5
Let v be ((-1)/((-4)/(4/2)))/((-63)/3402). Let r(x) = -x**3 - 28*x**2 - 25*x + 75. Calculate r(v).
21
Let h = -19 + 24. Let a(n) = 2*n**2 - 9*n + 10 - n**3 - h*n**2 - 8*n**2 - 6. Calculate a(-10).
-6
Let z(y) = -y**2 - y - 7. Let a(u) = u - 1. Let d(i) = -6*a(i) + z(i). Let j be -4*(-43)/(4644/(-135)). Calculate d(j).
9
Let s(l) = -10*l**2 + 71*l + 77. Let y be s(8). Let j(u) = 12*u - 12. Determine j(y).
48
Let i(p) = 2*p**2 + 20*p - 2002. Let h be i(-37). Let n(f) be the second derivative of f**4/12 - f**3/3 + f**2 - f. Give n(h).
26
Let i(j) = 15*j + 1. Let c(z) = -5*z - 9. Let q be (-26)/13 + (2 - 2). Let m be c(q). Suppose -5*y - 16 = -l, 0 = 2*l + 2*y - y + m. Give i(l).
16
Let q(z) = -3*z**3 + 3*z - 15. Let b(j) = j**3 - j + 5. Suppose -2*t - 5 = -7*t. Let n be (-1 - 1)*(3 - t). Let k(x) = n*q(x) - 11*b(x). Determine k(0).
5
Suppose -p - 4*h = 18, -p - p - 2*h - 6 = 0. Suppose p*a - 14 - 1 = o, a + 4*o = 30. Suppose -4*q - 24 = -a*q. Let y(r) = r**3 - 4*r**2 + 3*r. Determine y(q).
12
Let d(h) be the third derivative of h**5/60 + h**4/4 - 4*h**3/3 - 8021*h**2. What is d(-5)?
-13
Let k(j) = -3*j**3 + 86 + 2*j**3 - j**3 + 88 - 168 + 4*j + 11*j**2. Give k(6).
-6
Let s(m) be the second derivative of -m**5/20 + m**4/3 + 5*m**3/2 - 11*m**2/2 - 3*m + 75. Calculate s(6).
7
Let d = 15053 - 15062. Let w(y) be the third derivative of y**4/24 - 7*y**3/6 + y**2. Determine w(d).
-16
Let m(o) be the second derivative of -o**6/120 - 7*o**5/60 + 11*o**4/24 + 2*o**3 + 27*o**2 + 25*o. Let c(x) be the first derivative of m(x). Determine c(-8).
-12
Let p be 3*2 - (-36 - -39). Let f(x) be the second derivative of -x**4/12 + 2*x**3/3 - 11*x**2 - 4*x. Let y(s) be the first derivative of f(s). Give y(p).
-2
Let w(r) = -4*r + 12. Let v be w(1). Let y(g) = -v - 4*g + 11 + 0*g. Calculate y(2).
-5
Suppose j = -4 + 9. Suppose 2*a - 20 = -4*c, 0 = 9*c - 10*c - 3*a - j. Let d(z) = -z**2 + 5*z + 3. Calculate d(c).
-11
Let n(o) be the first derivative of -o**6/120 + o**5/12 - o**4/6 + o**3/2 + 28*o**2 + 31. Let x(b) be the second derivative of n(b). What is x(3)?
9
Let y(t) be the first derivative of -t**6/60 + t**5/30 + t**4/12 - t**3/3 + 53*t**2/2 - 2*t - 65. Let q(l) be the second derivative of y(l). Determine q(2).
-6
Suppose -2*w - 119*v = -117*v - 2, w + 2*v = -1. Let n(t) = -t + 36. What is n(w)?
33
Suppose -3 - 167 = 5*l. Let v = 28 + l. Let c(u) be the third derivative of u**6/120 + 7*u**5/60 + 7*u**4/24 + u**3/2 + 17*u**2. What is c(v)?
-3
Let p(x) = 5*x**3 - 2*x - 1. Let b be p(-1). Let m(a) = 7 - 19*a**3 - 39*a + 7*a**3 - 5*a**2 + 77*a - 40*a + 11*a**3. Calculate m(b).
-1
Let i(m) = -21*m - 585. Let v be i(-28). Let g(y) = 39*y - 23. Let a(x) = -13*x + 8. Let f(q) = 17*a(q) + 6*g(q). Determine f(v).
37
Let x(v) = -36*v + 19. Let s(l) = 13*l + 1. Let m(g) = -3*s(g) - x(g). Determine m(-5).
-7
Let n(o) = 37*o + 0 + 100*o - 18 + 37*o - 206*o + 31*o. Let m = -14 - -2. Give n(m).
-6
Let u = -19579 - -19578. Let f(h) = -23*h - 4. Determine f(u).
19
Let z(f) = 33*f + 30. Let s(v) = -5*v - 6. Let p(u) = -6*s(u) - z(u). Give p(-10).
36
Let r(s) = 11*s + 18. Let q(i) = -30*i - 48. Let c(v) = -4*q(v) - 11*r(v). Let a(p) = -5*p**3 - 2*p + 1. Let t be a(1). Determine c(t).
0
Let c(i) = i**3 + 8*i**2 + 8*i + 9. Let x(n) = -7 + 9597*n**2 + 3*n - 9599*n**2 - 2*n. Let m be x(0). Determine c(m).
2
Let o(z) = -z**2 - z - 1. Let j(c) = 3*c**2 - 5*c + 17. Let a(v) = -j(v) - 2*o(v). Let h(t) = -2*t**3 - 140*t**2 + 147*t + 360. Let s be h(-71). What is a(s)?
-5
Let c = -216 + 215. Let f(j) = -16*j**2 - 8*j - 6. Let y be f(c). Let g(m) = 2*m + 31. Determine g(y).
3
Let j be (-2)/(-17) + (-8400)/(-850). Let u(b) = 10*b - 102. Calculate u(j).
-2
Let o(l) = -77*l + 228. Let s be o(3). Let m(f) = 4*f**2 + 6*f - 5. Let d(u) = -7*u**2 - 11*u + 9. Let g(x) = -3*d(x) - 5*m(x). What is g(s)?
-2
Let k(x) be the second derivative of -x**6/120 - x**5/10 + x**4/24 + 7*x**3/6 + 19*x**2 + 324*x. Let q(a) be the first derivative of k(a). Determine q(-6).
1
Let d(t) = -t - 593 + 341 + 264 + t**2. Suppose 0 = i + 4*i. Let j be -1 - (1 - i)/(-1). Calculate d(j).
12
Let b(j) = 33 + 38*j**2 + 27 + 14*j + 31*j - 39*j**2 - 7*j. Give b(40).
-20
Let k(q) be the third derivative of 1/120*q**6 - 3*q**2 + 11 - 1/30*q**5 - 1/8*q**4 + 2/3*q**3 + 0*q. Let t(s) = -s**2 + 5*s - 1. Let d be t(4). Calculate k(d).
4
Suppose -14*v = -8*v - 18. Suppose 0 = 5*k + u + v*u + 40, k + 2*u + 14 = 0. Let f(y) = y**3 + 4*y**2 + 2*y - 1. Determine f(k).
-9
Let h(d) = -48*d - 33*d + 23*d + 22 + 25. Let z be h(1). Let m(c) = 2*c + 6. Calculate m(z).
-16
Let v = -69 + -19. Let d = -93 - v. Let c(s) = s**2 + 8*s + 8. Let r(t) = -t - 1. Let y(m) = c(m) + 4*r(m). Determine y(d).
9
Let j(b) = -47*b + 53. Let m(h) = -22*h + 25. Let g(x) = 5*j(x) - 11*m(x). What is g(1)?
-3
Suppose -2*f = 6*f - 352. Let y = f + -11. Suppose -n - 2*o = -2*n + 11, -3*n = 4*o - y. Let q(w) = -w + 14. What is q(n)?
3
Suppose 210 - 152 = 17*i - 112. Let t(m) be the third derivative of m**4/12 - 5*m**3/2 - 2*m**2. Determine t(i).
5
Let g(o) = -6*o**2 + 9*o - 1. Let v(r) = -r**2 + r. Let a(j) = g(j) - 5*v(j). Suppose 14*t + 11 = 67. Determine a(t).
-1
Let b be ((-2496)/(-36))/((-5)/(-15)). Let r = 206 - b. Let a(c) = 2*c**2 - 2. Give a(r).
6
Suppose 3*z + 92 + 202 = 0. Let x = -98 - z. Let v(y) = y + 25. Let a(t) = 1. Let q(n) = 4*a(n) - v(n). Calculate q(x).
-21
Let c(g) = 4*g**2 + 0*g**3 + 3*g + g**3 + g**3 + 2. Determine c(-2).
-4
Let d(x) be the second derivative of x**